isor of r and h.
12
Let f be -1 - (-4)/(-16)*4*-17. What is the greatest common factor of 144 and f?
16
Suppose 185 = -2*k + 669. What is the highest common factor of 22 and k?
22
Let u = -5 - -8. Suppose u*z - f = z + 81, 3*z - 4*f - 124 = 0. Suppose -q + 5*q = z. What is the greatest common factor of 10 and q?
10
Let m(l) = l**3 - l**2 + 5. Let j be m(0). Suppose -2*k - 3*k = -q + 10, -104 = -j*q - 2*k. Suppose -w + q = w. What is the highest common factor of 90 and w?
10
Suppose 2*z - u + 2 = -2*z, -2 = -z - u. Let y be -2 - z - -1 - -85. Calculate the greatest common factor of 12 and y.
12
Let a = -30 + 47. What is the highest common divisor of 17 and a?
17
Suppose 4*l + 15 = 11. Let d be (l - 4/(-8))*-2. What is the greatest common divisor of d and 11?
1
Let d = -64 - -97. What is the highest common factor of 297 and d?
33
Let k = 109 - 53. Let p(q) = q**3 + 6*q**2 + 3*q - 7. Let a be p(-5). Suppose a*i - 32 = -i. What is the highest common factor of i and k?
8
Suppose -5*s - 4*q + 6 = -46, 4*q - 12 = 0. Let d(p) = 0 - 8 + p**2 - 6*p + 0*p. Let r be d(s). Calculate the highest common divisor of r and 16.
8
Suppose 0 = -5*a + 4*a + 10. Calculate the highest common factor of 4 and a.
2
Let o(m) = 3*m - 9. Suppose -4*f + 4*s + 4 = 0, -2*s = 2*f + s - 22. Let g be o(f). Calculate the greatest common factor of 42 and g.
6
Let c be -3 - (0 + -2) - -217. Calculate the greatest common divisor of 24 and c.
24
Suppose 4*m + 5*k + 155 = 0, -m - 4*k + 7 = 32. Let g be m/(-10)*184/6. Let y be g/5 + 2/5. What is the highest common divisor of y and 14?
14
Let g = -27 + 41. Calculate the greatest common factor of g and 126.
14
Suppose -v - 2*t = t - 275, 5 = -t. Calculate the greatest common divisor of 58 and v.
58
Suppose 16 - 106 = -5*f. Suppose -c - 18 = -2*c - 3*z, -4*z = 4*c - 56. What is the greatest common factor of f and c?
6
Let a(i) = -i**3 - 5*i**2 + 6*i + 9. Let v be a(-6). Suppose -4*h + 6*t - t = -v, h - t - 3 = 0. What is the greatest common divisor of h and 6?
6
Suppose 9*j - j - 96 = 0. What is the greatest common divisor of j and 30?
6
Suppose -3*t + 4*j + 28 = t, -3*t + 33 = 3*j. What is the greatest common divisor of t and 9?
9
Let f = 33 - 9. Let b(k) = 7*k**2 + 2*k - 1. Let v be b(2). Suppose 1 = 2*t - v. What is the highest common divisor of t and f?
8
Let z be 2/6*(-3 + 81). What is the greatest common divisor of z and 182?
26
Suppose 2*a - 89 = -69. What is the highest common factor of a and 90?
10
Suppose 3*y = 4*y. Suppose 0 = -y*a - 3*a + 6. Suppose 0 = -d + 3*o + 36, 0 = 4*d - a*o - 45 - 69. Calculate the greatest common factor of d and 3.
3
Let h(t) = 2*t - 15 + 15 - 3*t - t**2. Let a be h(0). Suppose a = 4*m - 3*o - 285, 2*o - 3 + 1 = 0. What is the highest common factor of 8 and m?
8
Let y(x) = 3*x**2 + x + 1. Let d be y(-1). Let l(b) = -b**3 - 2*b - 1. Let q be l(-1). Calculate the highest common factor of d and q.
1
Suppose -3*l + l = -8. Suppose l*f = -0*f + 132. Let s(m) = 10*m + 2. Let t be s(2). Calculate the highest common factor of f and t.
11
Let r be 10*2 + (-6)/(-2). What is the greatest common divisor of 69 and r?
23
Suppose 3*v + 2 - 38 = 0. What is the highest common divisor of v and 132?
12
Suppose 0 = 2*b - 0*f + 4*f - 70, -4*f - 80 = -4*b. Let h be (0 + -1)/(1/(-5)). Calculate the greatest common factor of h and b.
5
Suppose -19 = -2*o + 1. Calculate the highest common factor of o and 20.
10
Suppose -2*c - c + 54 = 0. Calculate the highest common factor of c and 18.
18
Let s be (-6)/((-6)/(-3)) - -3. Let h be 1 + (s - -24 - -2). Calculate the highest common factor of 9 and h.
9
Suppose 0 = 4*h - 83 - 13. Suppose 2*g - 25 + 9 = 3*m, h = 3*g - m. What is the greatest common divisor of g and 1?
1
Suppose 2*m - 2*c = 14, 2*c + 4 + 4 = 0. Suppose 5*s = -t + 9, 0 = 4*s - m*t - 15 + 4. What is the highest common factor of s and 2?
2
Let p(v) = v**2 + v + 2. Let x be p(0). Suppose 16 = -x*w + 4*w. Let z be ((-31)/(-5) + 1)*10. What is the greatest common factor of w and z?
8
Suppose 3*w - 9 = -0. Let r be w - (-3 + 4)*-53. What is the greatest common factor of 14 and r?
14
Let t = -10 + 16. Let c = -9 + 18. Calculate the highest common divisor of t and c.
3
Suppose -5*v + 901 + 1699 = 0. Suppose -5*h = -h - v. Suppose 10*s + 84 = 604. Calculate the highest common factor of h and s.
26
Let j = 13 + -8. Suppose 0*q = j*q - 55. Calculate the highest common divisor of 22 and q.
11
Suppose -5*a + 38 = 4*s, 18 = 3*a + 3*s + s. What is the highest common factor of a and 25?
5
Suppose 5*h = -2*v + 4, 28 = -0*v + 3*v + 2*h. Calculate the highest common divisor of v and 108.
12
Suppose 4*s + 0*s = 416. Calculate the highest common divisor of s and 260.
52
Let u be (-7 - -5)*(-13)/2. Let x = -8 + u. Calculate the greatest common factor of 55 and x.
5
Suppose -2*x = 2*x - 528. Suppose -2*h - 2*w = 2*h - 40, 5*w + 68 = 4*h. Calculate the highest common divisor of h and x.
12
Suppose -w - 2*r - 2*r = 8, 3*w - r = 2. Let h = 1 + w. Let x be h*6/(-15)*-25. Calculate the greatest common factor of x and 10.
10
Suppose -4*o - 5*m = -331, m - 82 = -o - m. Calculate the highest common divisor of 12 and o.
12
Let i(w) = w - 8. Suppose 4*x + 9 = 3*c, 2*x + 3*c = -x + 9. Suppose f - 10 + 0 = x. Let j be i(f). Calculate the greatest common divisor of j and 14.
2
Let o(r) = r + 1. Let a be o(1). Suppose 3*s = -b + 21, -a*s + 9 = b - 5. Calculate the highest common divisor of s and 1.
1
Let r(o) = 2*o**2 - 2*o. Let b be r(2). Suppose 4*m - b = 2*m. Suppose -5*v = -3*x - 51, 5 = m*v + 3*x - 7. What is the greatest common divisor of v and 6?
3
Let n = 9 + -2. Let j(p) = p + 21. Let l be j(0). What is the greatest common divisor of l and n?
7
Let n be 15 - 12 - -9*5. Calculate the highest common divisor of n and 6.
6
Suppose -2 = w - 5. Suppose 4 = -k + w*k. Suppose -18 = -4*l - 2*d, -2*l + d + k = -1. What is the greatest common factor of l and 33?
3
Let t be (0 + 1)*(6 - 3)*6. Calculate the highest common factor of t and 144.
18
Let y(p) = -p**2 + p + 40. Let b be y(0). What is the greatest common divisor of b and 60?
20
Suppose -5*s - 5*y + 443 = -3*s, -2*y - 1180 = -5*s. Calculate the highest common factor of s and 18.
18
Let q(r) be the second derivative of r**3/6 - r**2 - 2*r. Let z be q(8). Calculate the greatest common divisor of 66 and z.
6
Suppose 35 = t - 29. What is the greatest common factor of t and 160?
32
Let h = 3 - 3. Let a be h + 87 - (5 + -6). Let i = 25 + -14. Calculate the greatest common divisor of a and i.
11
Let q = -71 + 41. Let v be (-1)/(3 - q/(-9)). Suppose v*d + 5*a = 150, 2*a = 2*d + 3*d - 219. Calculate the highest common factor of 30 and d.
15
Let r be (-4)/(-8)*-1*-96. Calculate the greatest common factor of 16 and r.
16
Let r be (-1095)/33 - 4/(-22). Let p = r - -77. Suppose 4*l = 3*u - l - 2, l + 6 = 2*u. What is the highest common factor of p and u?
4
Suppose 4*h = -2 + 6. What is the greatest common factor of 1 and h?
1
Let g = 153 - 497. Let c be g/(-28) - 2/7. Suppose -4*y + c = 4. Calculate the highest common divisor of 3 and y.
1
Let h = -3 - -36. What is the greatest common factor of 363 and h?
33
Suppose 23 = -f + 2*f. What is the highest common factor of f and 115?
23
Suppose -21*d + 16*d = -200. What is the greatest common divisor of d and 5?
5
Let a(j) = -j**3 - 12*j**2 + 17*j + 26. Let y be a(-14). Suppose 3*w - 171 = -0*w. Suppose -4*r = -15 - w. Calculate the greatest common factor of y and r.
18
Suppose 11 = -5*i + 46. Calculate the highest common factor of 28 and i.
7
Suppose 3 = 3*q - 6. Let j be (-42)/(-15) - 1/(-5). Calculate the greatest common factor of j and q.
3
Let q(l) = -3 - 3*l + 4*l**2 + 2*l + 6*l - l**3. Let u be q(4). What is the highest common divisor of u and 68?
17
Let o be 2/(-2) + 74/2. Calculate the highest common divisor of 48 and o.
12
Suppose -209 = -y + 331. Suppose 5*x = -0*x + y. Calculate the highest common factor of 12 and x.
12
Suppose 2*l + 4*v + 314 = 4*l, -4*v = 20. Calculate the greatest common divisor of l and 42.
21
Let l be ((-45)/18 - -3) + 67/2. What is the greatest common factor of 68 and l?
34
Suppose 9*m = 4*m + 210. What is the highest common factor of 14 and m?
14
Let n be 10/6 + 1/3. Suppose -c + 4*c + 3*h = 24, -h = -n*c + 7. What is the highe